vide 4120?
False
Does 30 divide 2587?
False
Does 65 divide 91130?
True
Is 27 a factor of 567?
True
Is 33174 a multiple of 171?
True
Is 4 a factor of 1679?
False
Is 5231 a multiple of 35?
False
Does 8 divide 64525?
False
Is 816 a multiple of 51?
True
Is 6030 a multiple of 30?
True
Is 300 a multiple of 5?
True
Does 17 divide 1185?
False
Does 8 divide 2308?
False
Does 102 divide 26010?
True
Is 28 a factor of 14093?
False
Is 168 a multiple of 24?
True
Does 46 divide 1449?
False
Is 8212 a multiple of 170?
False
Does 42 divide 5065?
False
Does 33 divide 6765?
True
Is 7707 a multiple of 91?
False
Is 11 a factor of 4686?
True
Is 75 a factor of 17325?
True
Is 16 a factor of 881?
False
Is 180 a multiple of 12?
True
Does 75 divide 8250?
True
Is 25 a multiple of 4?
False
Does 11 divide 632?
False
Is 1114 a multiple of 20?
False
Does 16 divide 160?
True
Is 13 a factor of 288?
False
Is 31 a factor of 58869?
True
Is 1269 a multiple of 27?
True
Is 23259 a multiple of 162?
False
Is 23 a factor of 2231?
True
Is 30 a factor of 6252?
False
Does 7 divide 8982?
False
Is 10 a factor of 270?
True
Is 1278 a multiple of 8?
False
Is 18 a factor of 2718?
True
Does 25 divide 5900?
True
Does 63 divide 8737?
False
Does 2 divide 7080?
True
Is 2836 a multiple of 58?
False
Does 49 divide 7972?
False
Does 21 divide 3318?
True
Is 72 a factor of 2880?
True
Is 1769 a multiple of 45?
False
Does 37 divide 11334?
False
Does 52 divide 3068?
True
Does 38 divide 91?
False
Does 7 divide 2847?
False
Is 1539 a multiple of 19?
True
Is 2568 a multiple of 12?
True
Is 71 a multiple of 4?
False
Is 31 a factor of 30969?
True
Is 2016 a multiple of 48?
True
Is 3375 a multiple of 25?
True
Is 3288 a multiple of 51?
False
Is 10 a factor of 15458?
False
Does 119 divide 85799?
True
Does 24 divide 2534?
False
Is 2 a factor of 31?
False
Does 107 divide 107?
True
Does 10 divide 5960?
True
Does 23 divide 1679?
True
Does 5 divide 200?
True
Is 14 a factor of 11578?
True
Is 98 a factor of 375?
False
Is 969 a multiple of 57?
True
Does 3 divide 1004?
False
Is 876 a multiple of 4?
True
Is 296 a multiple of 74?
True
Is 445 a multiple of 83?
False
Is 12 a factor of 1612?
False
Is 21 a factor of 6278?
False
Is 266 a multiple of 9?
False
Is 3 a factor of 4755?
True
Is 6380 a multiple of 44?
True
Is 43 a factor of 3639?
False
Is 3803 a multiple of 25?
False
Does 41 divide 7134?
True
Does 47 divide 1609?
False
Does 55 divide 4676?
False
Is 696 a multiple of 58?
True
Does 49 divide 746?
False
Is 8118 a multiple of 18?
True
Is 43 a factor of 3225?
True
Is 5278 a multiple of 58?
True
Does 10 divide 3122?
False
Is 12 a factor of 987?
False
Is 1953 a multiple of 13?
False
Is 2321 a multiple of 44?
False
Is 122 a factor of 35990?
True
Is 31 a factor of 21110?
False
Does 14 divide 1230?
False
Is 7 a factor of 2940?
True
Is 41 a factor of 14473?
True
Is 11 a factor of 516?
False
Does 96 divide 14286?
False
Is 68904 a multiple of 216?
True
Is 9 a factor of 27426?
False
Is 5915 a multiple of 13?
True
Is 3621 a multiple of 17?
True
Does 126 divide 44326?
False
Is 43 a factor of 212?
False
Does 14 divide 27164?
False
Does 6 divide 39349?
False
Is 33900 a multiple of 30?
True
Does 85 divide 3072?
False
Does 36 divide 792?
True
Does 10 divide 520?
True
Is 41 a factor of 527?
False
Is 9752 a multiple of 2?
True
Is 15 a factor of 1186?
False
Is 570 a multiple of 19?
True
Is 16 a factor of 1328?
True
Is 1368 a multiple of 9?
True
Is 2185 a multiple of 19?
True
Does 36 divide 6181?
False
Does 13 divide 2025?
False
Is 24 a factor of 36792?
True
Is 86444 a multiple of 15?
False
Is 122668 a multiple of 28?
True
Is 1807 a multiple of 16?
False
Does 54 divide 5616?
True
Is 8 a factor of 401?
False
Is 3540 a multiple of 10?
True
Does 15 divide 2051?
False
Does 121 divide 968?
True
Is 9 a factor of 306?
True
Is 6 a factor of 3972?
True
Is 2216 a multiple of 14?
False
Is 5 a factor of 195?
True
Is 1793 a multiple of 16?
False
Is 24 a factor of 688?
False
Does 5 divide 1517?
False
Is 24 a factor of 2064?
True
Is 2128 a multiple of 19?
True
Does 22 divide 264?
True
Is 152 a factor of 11034?
False
Is 31247 a multiple of 18?
False
Is 7 a factor of 82?
False
Is 5824 a multiple of 17?
False
Does 122 divide 3556?
False
Does 92 divide 20405?
False
Does 10 divide 435?
False
Is 5 a factor of 982?
False
Does 60 divide 900?
True
Is 9528 a multiple of 21?
False
Does 6 divide 1133?
False
Is 7 a factor of 4607?
False
Does 45 divide 82?
False
Is 233 a factor of 24465?
True
Does 28 divide 1596?
True
Is 10 a factor of 330?
True
Is 78 a factor of 2116?
False
Is 32 a factor of 18624?
True
Is 14 a factor of 317?
False
Is 217 a factor of 6510?
True
Is 1182 a multiple of 5?
False
Does 28 divide 434?
False
Does 8 divide 41909?
False
Does 32 divide 3936?
True
Is 2295 a multiple of 22?
False
Does 177 divide 1593?
True
Is 44 a factor of 2338?
False
Does 23 divide 7935?
True
Does 40 divide 1475?
False
Does 131 divide 2003?
False
Is 6 a factor of 156?
True
Is 133731 a multiple of 33?
False
Does 12 divide 1392?
True
Is 4372 a multiple of 22?
False
Does 27 divide 91395?
True
Is 26 a factor of 52?
True
Is 23 a factor of 18753?
False
Is 198 a multiple of 27?
False
Is 2 a factor of 34?
True
Is 23 a factor of 483?
True
Is 21148 a multiple of 17?
True
Is 912 a multiple of 28?
False
Does 4 divide 2690?
False
Is 301 a factor of 27877?
False
Is 11 a factor of 245?
False
Is 117 a factor of 28899?
True
Is 3803 a multiple of 160?
False
Is 48 a factor of 528?
True
Is 3468 a multiple of 12?
True
Is 18 a factor of 518?
False
Is 555 even?
False
Is 28 a factor of 24456?
False
Is 98 a multiple of 7?
True
Is 13 a factor of 2561?
True
Is 3946 a multiple of 6?
False
Is 29641 a multiple of 12?
False
Is 435 even?
False
Is 3312 a multiple of 92?
True
Is 36 a factor of 4048?
False
Is 39116 a multiple of 6?
False
Does 9 divide 225?
True
Is 13178 a multiple of 54?
False
Is 11031 a multiple of 12?
False
Is 4 a factor of 60?
True
Is 11915 a multiple of 3?
False
Is 3192 a multiple of 152?
True
Is 15466 a multiple of 74?
True
Is 10353 a multiple of 97?
False
Is 66 a factor of 8448?
True
Is 2877 a multiple of 14?
False
Does 22 divide 1602?
False
Does 17 divide 68?
True
Is 3430 a multiple of 37?
False
Is 92870 a multiple of 41?
False
Is 73 a factor of 33977?
False
Does 21 divide 29001?
True
Is 40 a factor of 4680?
True
Is 11 a factor of 374?
True
Is 218 a factor of 23161?
False
Is 2378 a multiple of 29?
True
Is 26 a factor of 1898?
True
Is 27 a factor of 241?
False
Does 18 divide 35659?
False
Is 6136 a multiple of 50?
False
Does 13 divide 7922?
False
Does 36 divide 12977?
False
Does 21 divide 1147?
False
Is 9855 a multiple of 15?
True
Does 206 divide 17304?
True
Does 3 divide 162?
True
Is 23 a factor of 15893?
True
Is 3724 a multiple of 15?
False
Is 1741 a multiple of 125?
False
Is 10 a factor of 18410?
True
Is 2800 a multiple of 25?
True
Is 184 a factor of 20775?
False
Is 15 a factor of 6030?
True
Is 75 a factor of 1273?
False
Is 15576 a multiple of 66?
True
Is 6 a factor of 9040?
False
Is 10 a factor of 3831?
False
Does 36 divide 402?
False
Does 2 divide 3955?
False
Is 1594 a multiple of 24?
False
Is 3 a factor of 201?
True
Does 12 divide 492?
True
Is 768 a multiple of 22?
False
Is 3841 a multiple of 14?
False
Is 18 a factor of 1777?
False
Is 924 even?
True
Is 2 a factor of 7?
False
Is 19947 a multiple of 61?
True
Is 2 a factor of 148?
True
Is 115627 a multiple of 69?
False
Is 958 a multiple of 13?
False
Does 68 divide 476?
True
Does 32 divide 8592?
False
Is 89 a factor of 464?
False
Does 46 divide 28934?
True
Is 30130 a multiple of 131?
True
Is 20 a factor of 2348?
False
Is 129 a factor of 15609?
True
Is 27 a factor of 622?
False
Is 16 a factor of 1732?
False
Is 12944 a multiple of 16?
True
Is 52 a factor of 2704?
True
Is 2584 a multiple of 17?
True
Is 690 a multiple of 23?
True
Does 24 divide 5756?
False
Is 27348 a multiple of 91?
False
Is 3 a factor of 188?
False
Does 19 divide 1411?
False
Is 11322 a multiple of 74?
True
Is 20 a factor of 43985?
False
Does 200 divide 51107?
False
Is 18 a factor of 1224?
True
Does 7 divide 217?
True
Is 2 a factor of 7036?
True
Is 122 a factor of 488?
True
Does 6 divide 624?
True
Is 7308 a multiple of 28?
True
Is 111 a factor of 21333?
False
Is 1046 a multiple of 